n 3076 is divided by 38.
36
What is the remainder when 1151 is divided by 221?
46
Calculate the remainder when 5322 is divided by 213.
210
Calculate the remainder when 1980 is divided by 1971.
9
Calculate the remainder when 46 is divided by 5.
1
What is the remainder when 3038 is divided by 160?
158
What is the remainder when 356 is divided by 87?
8
Calculate the remainder when 270 is divided by 137.
133
Calculate the remainder when 2750 is divided by 86.
84
What is the remainder when 374 is divided by 8?
6
What is the remainder when 73 is divided by 11?
7
Calculate the remainder when 406 is divided by 236.
170
Calculate the remainder when 2497 is divided by 41.
37
Calculate the remainder when 364 is divided by 92.
88
What is the remainder when 52 is divided by 28?
24
Calculate the remainder when 196 is divided by 94.
8
Calculate the remainder when 72 is divided by 61.
11
What is the remainder when 1731 is divided by 93?
57
What is the remainder when 159 is divided by 57?
45
Calculate the remainder when 201 is divided by 191.
10
What is the remainder when 176 is divided by 9?
5
What is the remainder when 356 is divided by 201?
155
Calculate the remainder when 847 is divided by 9.
1
What is the remainder when 219 is divided by 11?
10
Calculate the remainder when 2373 is divided by 338.
7
What is the remainder when 47 is divided by 13?
8
What is the remainder when 3057 is divided by 12?
9
Calculate the remainder when 151 is divided by 79.
72
Calculate the remainder when 1118 is divided by 112.
110
Calculate the remainder when 557 is divided by 93.
92
What is the remainder when 136 is divided by 20?
16
What is the remainder when 192 is divided by 107?
85
What is the remainder when 1947 is divided by 18?
3
What is the remainder when 741 is divided by 24?
21
What is the remainder when 665 is divided by 131?
10
Calculate the remainder when 8426 is divided by 2807.
5
What is the remainder when 325 is divided by 27?
1
What is the remainder when 180 is divided by 71?
38
Calculate the remainder when 1339 is divided by 84.
79
What is the remainder when 2562 is divided by 43?
25
What is the remainder when 424 is divided by 39?
34
What is the remainder when 967 is divided by 120?
7
Calculate the remainder when 65 is divided by 29.
7
Calculate the remainder when 4219 is divided by 44.
39
What is the remainder when 2955 is divided by 332?
299
What is the remainder when 34314 is divided by 369?
366
What is the remainder when 3196 is divided by 97?
92
What is the remainder when 2038 is divided by 107?
5
What is the remainder when 1211 is divided by 45?
41
Calculate the remainder when 211 is divided by 139.
72
Calculate the remainder when 312 is divided by 55.
37
Calculate the remainder when 719 is divided by 16.
15
Calculate the remainder when 870 is divided by 6.
0
Calculate the remainder when 417 is divided by 14.
11
Calculate the remainder when 7295 is divided by 197.
6
What is the remainder when 1371 is divided by 448?
27
Calculate the remainder when 17393 is divided by 5793.
14
Calculate the remainder when 433 is divided by 31.
30
Calculate the remainder when 1127 is divided by 82.
61
What is the remainder when 362 is divided by 97?
71
Calculate the remainder when 3178 is divided by 10.
8
Calculate the remainder when 8896 is divided by 159.
151
What is the remainder when 4614 is divided by 65?
64
Calculate the remainder when 339 is divided by 18.
15
Calculate the remainder when 57 is divided by 15.
12
What is the remainder when 140 is divided by 47?
46
What is the remainder when 264 is divided by 27?
21
Calculate the remainder when 2738 is divided by 196.
190
Calculate the remainder when 333 is divided by 41.
5
Calculate the remainder when 105 is divided by 18.
15
What is the remainder when 32950 is divided by 83?
82
What is the remainder when 2110 is divided by 56?
38
What is the remainder when 265 is divided by 39?
31
Calculate the remainder when 963 is divided by 383.
197
What is the remainder when 738 is divided by 246?
0
Calculate the remainder when 464 is divided by 47.
41
What is the remainder when 1949 is divided by 163?
156
What is the remainder when 116 is divided by 61?
55
What is the remainder when 1306 is divided by 429?
19
Calculate the remainder when 264 is divided by 30.
24
Calculate the remainder when 96 is divided by 13.
5
Calculate the remainder when 3661 is divided by 146.
11
Calculate the remainder when 4948 is divided by 50.
48
What is the remainder when 1931 is divided by 69?
68
Calculate the remainder when 2751 is divided by 52.
47
What is the remainder when 1121 is divided by 66?
65
Calculate the remainder when 14909 is divided by 21.
20
Calculate the remainder when 3447 is divided by 93.
6
Calculate the remainder when 218 is divided by 11.
9
What is the remainder when 413 is divided by 15?
8
Calculate the remainder when 282 is divided by 22.
18
What is the remainder when 4333 is divided by 19?
1
What is the remainder when 115 is divided by 26?
11
What is the remainder when 46 is divided by 33?
13
Calculate the remainder when 115 is divided by 35.
10
What is the remainder when 324 is divided by 48?
36
Calculate the remainder when 1195 is divided by 50.
45
What is the remainder when 125 is divided by 68?
57
Calculate the remainder when 293 is divided by 38.
27
What is the remainder when 4437 is divided by 99?
81
What is the remainder when 67 is divided by 8?
3
Calculate the remainder when 3265 is divided by 99.
97
Calculate the remainder when 747 is divided by 178.
35
Calculate the remainder when 103 is divided by 15.
13
What is the remainder when 1446 is divided by 66?
60
Calculate the remainder when 146 is divided by 25.
21
Calculate the remainder when 1031 is divided by 510.
11
Calculate the remainder when 5 is divided by 5.
0
Calculate the remainder when 2912 is divided by 90.
32
Calculate the remainder when 20 is divided by 15.
5
Calculate the remainder when 402 is divided by 74.
32
What is the remainder when 402 is divided by 140?
122
What is the remainder when 996 is divided by 101?
87
Calculate the remainder when 333 is divided by 128.
77
What is the remainder when 4289 is divided by 1069?
13
What is the remainder when 171 is divided by 58?
55
What is the remainder when 845 is divided by 278?
11
What is the remainder when 68 is divided by 19?
11
Calculate the remainder when 313 is divided by 3.
1
Calculate the remainder when 7859 is divided by 31.
16
What is the remainder when 36569 is divided by 223?
220
Calculate the remainder when 87 is divided by 13.
9
What is the remainder when 6745 is divided by 1349?
0
What is the remainder when 407 is divided by 198?
11
Calculate the remainder when 99 is divided by 35.
29
Calculate the remainder when 220 is divided by 31.
3
Calculate the remainder when 1153 is divided by 156.
61
What is the remainder when 44 is divided by 23?
21
What is the remainder when 164 is divided by 46?
26
Calculate the remainder when 835 is divided by 170.
155
What is the remainder when 3495 is divided by 34?
27
What is the remainder when 1195 is divided by 397?
4
What is the remainder when 2858 is divided by 26?
24
Calculate the remainder when 296 is divided by 20.
16
What is the remainder when 73773 is divided by 12?
9
Calculate the remainder when 189 is divided by 47.
1
What is the remainder when 198 is divided by 101?
97
Calculate the remainder when 1285 is divided by 224.
165
Calculate the remainder when 642 is divided by 15.
12
What is the remainder when 97 is divided by 20?
17
Calculate the remainder when 1392 is divided by 41.
39
What is the remainder when 81 is divided by 52?
29
Calculate the remainder when 40 is divided by 10.
0
Calculate the remainder when 338 is divided by 31.
28
What is the remainder when 3153 is divided by 22?
7
What is the remainder when 664 is divided by 37?
35
What is the remainder when 670 is divided by 205?
55
Calculate the remainder when 3510 is divided by 875.
10
What is the remainder when 71 is divided by 22?
5
What is the remainder when 8103 is divided by 42?
39
What is the remainder when 698 is divided by 32?
26
What is the remainder when 1854 is divided by 58?
56
What is the remainder when 253 is divided by 67?
52
Calculate the remainder when 7832 is divided by 